s the remainder when 17 is divided by ((-189)/(-15) - 2) + (-2)/(-5)?
6
Let m be ((-36)/(-27))/((-2)/6). Suppose 4*v - 134 = -6. Calculate the remainder when v is divided by (-19)/(-2) + (-6)/m.
10
Let b(c) = -2*c**3 + 16*c**2 - 10*c + 2. Calculate the remainder when 208 is divided by b(7).
28
Let a(v) = v**3 + 9*v**2 + 13*v - 9. What is the remainder when a(-6) is divided by 7?
0
Suppose -d - 4*a + 32 = 3*d, 0 = -4*d - 3*a + 27. What is the remainder when 9 is divided by d?
0
Let q = -25 - -57. What is the remainder when q is divided by 17?
15
What is the remainder when (58/(-8))/((-3)/24) is divided by 15?
13
Suppose -y + 3*v - v = 53, 4*y = 5*v - 212. Let t = -12 - y. Calculate the remainder when t is divided by 11.
8
Suppose 5*a - 4*q + q = 36, -4*a = -5*q - 21. Let z(j) = 20*j**2 + 5*j + 2. What is the remainder when z(-1) is divided by a?
8
Suppose -1 = 2*n - 3*q, -2*n + 0*n - q = -11. Calculate the remainder when 35 is divided by n.
3
Suppose -2*n = 3*n - 500. Calculate the remainder when n is divided by 34.
32
Let i(j) = 2*j - 4. Let h be i(3). Calculate the remainder when (-33)/h*(-24)/9 is divided by ((-2)/2 - -16)*1.
14
Let p(y) = y**2 + 10*y + 11. Let i be p(-9). Suppose 0 = 5*f + i*w - 57 + 5, f = -w + 11. Calculate the remainder when 28 is divided by f.
8
Let o be (-3 - -1) + -7 + 0. Calculate the remainder when 190/6 - (-3)/9 is divided by (-2)/(-6) - 150/o.
15
Let n = 60 + -23. Let r = -26 - -39. What is the remainder when n is divided by r?
11
Let w(j) = -5*j + 1. What is the remainder when 102 is divided by w(-5)?
24
Let j(m) = -m**3 + 9*m**2 + 5*m - 18. What is the remainder when j(9) is divided by 10?
7
Let r = 13 + -3. What is the remainder when (-3)/((-1)/((-56)/(-6))) is divided by r?
8
Suppose 5*a - 65 = 45. Let v(j) = j**3 + 14*j**2 + 11*j - 14. Suppose -80 + 15 = 5*x. What is the remainder when a is divided by v(x)?
10
Suppose -2*l + 70 = 5*h, 3*h + 5*l - 6 - 17 = 0. What is the remainder when 45 is divided by h?
13
Let v(a) = 13 - a + 2*a + 1. Let s be v(-8). Suppose 3*i = 15, 3*p - s*i - 20 = -i. Calculate the remainder when 28 is divided by p.
13
Suppose 0 = 7*k - 3*k - 72. Suppose -2*b = -3*b + k. Calculate the remainder when 34 is divided by b.
16
Let y(k) = k**2 + 10*k + 9. Let u be y(-9). Suppose 3*i - 47 + 20 = u. Let w = i - -2. Calculate the remainder when w is divided by 6.
5
Suppose -7*x + 15 = -2*x. Suppose -2*s - g = -0*g, -4*g = 0. Suppose -2*a + s*c + 4*c = -12, -x*a = -3*c - 15. What is the remainder when a is divided by 2?
0
Calculate the remainder when 14 is divided by (-4)/5*(-3 - 7).
6
Calculate the remainder when 54 is divided by ((-1)/2)/(5/(-210)).
12
Let l(d) = -d**3 - 6*d**2 + d + 5. Suppose -6*w = -4*w - 24. What is the remainder when l(-7) is divided by w?
11
Suppose 0 = 2*h - 44 + 24. Calculate the remainder when 47 is divided by h.
7
Let z = -2 + 3. Let f = 2 - 1. Let w = 0 + f. What is the remainder when z is divided by w?
0
Suppose -3*b - 4*n = -31, -5*n = -4*b - 4*n + 73. Suppose -59 = -m - 10. Calculate the remainder when m is divided by b.
15
Calculate the remainder when 5/(11/(-63) - 4/(-18)) is divided by 27.
24
Let t = 234 + -195. Let f = 19 - 5. What is the remainder when t is divided by f?
11
Let q(w) = -w**2 - 19*w + 20. Calculate the remainder when q(-10) is divided by 28.
26
Calculate the remainder when 2 + 3*13/3 is divided by 5.
0
Let n = -6 + 11. Suppose n*u - 2*s - 107 = 0, -112 = -4*u - 4*s - s. Calculate the remainder when u is divided by 12.
11
Let s = 49 + -32. What is the remainder when s is divided by 9?
8
Suppose -3*l = 9 - 24, -19 = -3*x - 2*l. Suppose 36 = x*j - 6. Suppose 0 = 3*q - 4*q + 55. Calculate the remainder when q is divided by j.
13
Let q be (-8)/5 - 9/(-15). Calculate the remainder when (12 - (-1 + q)) + -1 is divided by 4.
1
Let x(l) = 3*l + l - l. Let f be x(4). What is the remainder when 28 is divided by -2 + 0 + 0 + f?
8
Suppose 3*f - 19 = 2*f. What is the remainder when ((-2)/6)/((-8)/840) is divided by f?
16
Let q(t) = -t**3 + 2*t**2 - 7*t - 2. Let m be q(5). What is the remainder when (m/(-12))/((-1)/(-3)) is divided by 15?
13
Let v(f) = -f**3 + 6*f**2 + 9*f + 5. Let h = -17 - 0. Let l = 24 + h. Calculate the remainder when 56 is divided by v(l).
18
Let p be (-60)/27 - (-4)/18. Let l(k) = -11*k + 1. Calculate the remainder when 68 is divided by l(p).
22
Let z = 69 + -36. Let h = -21 + z. Calculate the remainder when h is divided by 7.
5
Suppose -4 = -2*v - 2, -2*r + 2*v = -12. Calculate the remainder when 32 is divided by r.
4
Suppose 3*y - 320 = -2*y. Let f be 1 + (-93)/(-3) + 0. Suppose f = 2*a + 2*t - 0*t, t = -5*a + y. What is the remainder when 23 is divided by a?
11
Suppose 4*x = 7 + 9. Suppose -5*h = x - 14. What is the remainder when 7 is divided by h?
1
Let v be (-9)/(-4)*32/6. Suppose 0 = -4*d + v, -5*l + 54 = 3*d - 60. Suppose 44 = 7*h - 3*h. Calculate the remainder when l is divided by h.
10
Let g = -26 - -38. Calculate the remainder when g is divided by 7.
5
Suppose 5*x - 1 = -2*d, 0 = 3*d - 6*d + 9. Calculate the remainder when 3 is divided by -2 + 1*(2 - x).
0
Let k = 15 - -16. Calculate the remainder when k is divided by 2 + 16 + 4/(-2).
15
Calculate the remainder when 55 is divided by (-70)/(-6) + (-14)/3 + 5.
7
Let a = 13 + 5. Suppose 76 = m - p, m - 3*p = -m + 157. What is the remainder when m is divided by a?
17
Suppose 21*j - 17*j - 124 = 0. What is the remainder when j is divided by 17?
14
Let x(s) = s**3 + 13*s**2 + 12*s + 7. Calculate the remainder when 25 is divided by x(-12).
4
Let j(n) = 13*n - 1. Let r be j(2). Suppose -r = -5*k - 0*k. Calculate the remainder when k is divided by 4.
1
Suppose -3*p + 0 - 3 = 0. What is the remainder when 36 is divided by -1 + -1 + 22 + p?
17
Let o = 66 - -68. Calculate the remainder when o is divided by 23.
19
Suppose 2*b + 4 - 10 = -z, 4*b + 12 = z. What is the remainder when 46 is divided by z?
6
Suppose 6*q - 3*q - 6 = -m, 2*q + 6 = 0. Let k(z) = 3*z - 2. Calculate the remainder when k(4) is divided by (56/70)/(2/m).
4
Let h = -175 + -425. Suppose 2*w - 96 = -w. Calculate the remainder when w is divided by h/(-56) - 4/(-14).
10
What is the remainder when 41 is divided by (-1)/(-3) - (-41)/3?
13
Let s(a) = -a**3 - 10*a**2 + 11*a + 9. Suppose -5*k + 0 = 20. Let m = 12 - k. Calculate the remainder when m is divided by s(-11).
7
Let j(b) = -b**3 + 4*b**2 - b - 2. Let c be ((-18)/4)/((-1)/2). Suppose 3*t = -5*a + c, -3 = -3*t + 3*a + 6. What is the remainder when j(t) is divided by 2?
0
Let y = 234 + -195. Suppose -4*l = -76 - 8. Calculate the remainder when y is divided by l.
18
Let m(g) = -2*g**3 - 3*g**2 + 2*g. Suppose -y + 3*y = -6. What is the remainder when 41 is divided by m(y)?
20
Let q(i) = -i**2 - i. Let t be q(-2). Suppose 0 = c - 21 + 5. What is the remainder when ((-69)/t)/(36/48) is divided by c?
14
Suppose 0 = -2*n + 3*t + 13, -4*t - 7 = -2*n + 9. Calculate the remainder when n is divided by 2 + (-4)/(7 - 3).
0
Suppose -2*t = -55 + 25. What is the remainder when 26 is divided by t?
11
Suppose -4*t + 36 = 4*i + 12, 2*t - 3*i = 2. Suppose -z + 5*z - 37 = -5*y, z + 22 = 5*y. Calculate the remainder when t is divided by z.
1
Suppose -3 = -4*h + 5*h, -3*h + 101 = 2*i. What is the remainder when i is divided by 21?
13
Let r be ((-4)/(-6))/(2/(-15)). Let g(p) = -2*p - 5. What is the remainder when g(r) is divided by 2?
1
Suppose 2*g + 4*l - 22 = 0, 0*g + l = 3*g - 26. Suppose 0 = 3*x - g, 0 = v - 4*v + 3*x. What is the remainder when 34 is divided by 28/2 + (1 - v)?
10
Suppose 10 + 20 = 5*d. Let w = d + -7. What is the remainder when 17 is divided by 0 + w + (-22)/(-2)?
7
Suppose 3*u = 2*d + 8, -5*u - 14 = 3*d - 59. Let f = 6 - -42. What is the remainder when f is divided by 152/u + (-3)/9?
23
Suppose -98 = -5*d - 8. Let y = 12 + d. What is the remainder when y is divided by 16?
14
Suppose -3*a + 4 = -11. Suppose 2*j - 9 + a = 0. Suppose j*w - 114 = -w. What is the remainder when w is divided by 13?
12
Let g(m) = -2*m**2 + 4*m - 4. Let x be g(5). Let b = -23 - x. Calculate the remainder when 43 is divided by b.
10
Suppose -d + 3*r + 31 = 0, d - 48 = 5*r - 9. Let q = 32 - 18. What is the remainder when d is divided by -4*(0 + q/(-8))?
5
Let y(x) = 7*x + 3. Let u be y(4). Supp